ns digit of 1866087436?
6
What is the hundred millions digit of 598727183?
5
What is the units digit of 510081301?
1
What is the thousands digit of 1577176357?
6
What is the hundred thousands digit of 859348855?
3
What is the units digit of 180626469?
9
What is the units digit of 581535479?
9
What is the units digit of 43468439?
9
What is the tens digit of 32341409?
0
What is the hundred millions digit of 3364678175?
3
What is the hundreds digit of 633806428?
4
What is the thousands digit of 42989774?
9
What is the ten thousands digit of 93434442?
3
What is the ten thousands digit of 22716544?
1
What is the hundred millions digit of 345248784?
3
What is the ten thousands digit of 1020990975?
9
What is the tens digit of 153055350?
5
What is the units digit of 3977347813?
3
What is the hundred millions digit of 2126683050?
1
What is the ten thousands digit of 92016449?
1
What is the ten thousands digit of 368929173?
2
What is the ten thousands digit of 129673074?
7
What is the ten thousands digit of 315131985?
3
What is the ten thousands digit of 780328891?
2
What is the hundred thousands digit of 354155863?
1
What is the hundred millions digit of 883965024?
8
What is the units digit of 129315559?
9
What is the ten thousands digit of 32813616?
1
What is the hundred millions digit of 2246249293?
2
What is the hundreds digit of 69143481?
4
What is the tens digit of 4633776122?
2
What is the tens digit of 96936407?
0
What is the tens digit of 30992176?
7
What is the ten millions digit of 2313084787?
1
What is the ten thousands digit of 137844445?
4
What is the hundred millions digit of 512423019?
5
What is the ten thousands digit of 465322406?
2
What is the millions digit of 298353166?
8
What is the hundred millions digit of 673343685?
6
What is the ten thousands digit of 102747904?
4
What is the hundred thousands digit of 134101877?
1
What is the ten millions digit of 86547137?
8
What is the hundred millions digit of 1907047165?
9
What is the units digit of 708564456?
6
What is the units digit of 2711004?
4
What is the ten millions digit of 307633677?
0
What is the units digit of 56056077?
7
What is the thousands digit of 198886809?
6
What is the millions digit of 283725944?
3
What is the ten millions digit of 605952614?
0
What is the units digit of 119161601?
1
What is the thousands digit of 35284523?
4
What is the hundreds digit of 54940254?
2
What is the hundred millions digit of 116357123?
1
What is the tens digit of 27398704?
0
What is the tens digit of 108879598?
9
What is the tens digit of 244005302?
0
What is the hundred thousands digit of 24070656?
0
What is the hundred thousands digit of 4721837913?
8
What is the hundred thousands digit of 780266?
7
What is the hundred thousands digit of 1250799986?
7
What is the units digit of 39910958?
8
What is the hundred millions digit of 472732503?
4
What is the ten thousands digit of 31868600?
6
What is the hundred thousands digit of 1578197289?
1
What is the ten millions digit of 391663090?
9
What is the ten millions digit of 4147880678?
4
What is the hundreds digit of 44618441?
4
What is the tens digit of 1231550499?
9
What is the thousands digit of 3222057804?
7
What is the thousands digit of 55325605?
5
What is the hundred millions digit of 914183422?
9
What is the thousands digit of 4659387960?
7
What is the tens digit of 217496982?
8
What is the thousands digit of 135652690?
2
What is the ten millions digit of 663194020?
6
What is the millions digit of 346014418?
6
What is the hundred thousands digit of 12612563?
6
What is the ten thousands digit of 172352594?
5
What is the hundreds digit of 8856898803?
8
What is the units digit of 856505797?
7
What is the millions digit of 1004781610?
4
What is the millions digit of 3486266542?
6
What is the ten thousands digit of 308529465?
2
What is the tens digit of 175176315?
1
What is the ten millions digit of 222642770?
2
What is the hundreds digit of 138020022?
0
What is the hundred thousands digit of 7751386?
7
What is the units digit of 187465344?
4
What is the millions digit of 115921492?
5
What is the ten thousands digit of 462871111?
7
What is the hundred thousands digit of 762784392?
7
What is the thousands digit of 49556127?
6
What is the ten thousands digit of 74818477?
1
What is the millions digit of 848926833?
8
What is the tens digit of 1631555344?
4
What is the units digit of 3208781816?
6
What is the millions digit of 603710447?
3
What is the hundred thousands digit of 194906647?
9
What is the ten thousands digit of 4960158839?
5
What is the millions digit of 89227346?
9
What is the ten thousands digit of 1297893996?
9
What is the ten thousands digit of 88880612?
8
What is the millions digit of 265480028?
5
What is the hundreds digit of 37029973?
9
What is the tens digit of 52160770?
7
What is the millions digit of 664353184?
4
What is the thousands digit of 1431323385?
3
What is the units digit of 432939823?
3
What is the hundreds digit of 88630215?
2
What is the ten thousands digit of 214390117?
9
What is the hundreds digit of 765354656?
6
What is the millions digit of 165491037?
5
What is the units digit of 4798021919?
9
What is the ten thousands digit of 250641253?
4
What is the ten thousands digit of 333683215?
8
What is the ten thousands digit of 2491297964?
9
What is the tens digit of 114578857?
5
What is the units digit of 1298060170?
0
What is the ten thousands digit of 461876500?
7
What is the ten millions digit of 1013048209?
1
What is the millions digit of 139672705?
9
What is the hundred thousands digit of 362750180?
7
What is the millions digit of 1512761517?
2
What is the millions digit of 229454001?
9
What is the hundreds digit of 25482527?
5
What is the thousands digit of 19588089?
8
What is the ten thousands digit of 29093006?
9
What is the units digit of 41804545?
5
What is the hundreds digit of 502923378?
3
What is the hundreds digit of 91475182?
1
What is the ten thousands digit of 2610635885?
3
What is the units digit of 2506914?
4
What is the ten thousands digit of 28577246?
7
What is the hundred millions digit of 2605647270?
6
What is the tens digit of 3548664605?
0
What is the thousands digit of 41260941?
0
What is the millions digit of 21046217?
1
What is the hundred thousands digit of 2401554?
4
What is the hundreds digit of 1643551961?
9
What is the hundred millions digit of 186745099?
1
What is the hundred thousands digit of 444118298?
1
What is the hundred thousands digit of 137434149?
4
What is the units digit of 7920520?
0
What is the tens digit of 128723673?
7
What is the millions digit of 27219276?
7
What is the billions digit of 1845241723?
1
What is the hundred millions digit of 149032244?
1
What is the ten thousands digit of 281470650?
7
What is the ten thousands digit of 34001638?
0
What is the units digit of 48329691?
1
What is the millions digit of 121482375?
1
What is the ten thousands digit of 41075461?
7
What is the tens digit of 42099051?
5
What is the hundred thousands digit of 404551732?
5
What is the ten millions digit of 62842339?
6
What is the ten millions digit of 780958854?
8
What is the hundred millions digit of 379726421?
3
What is the ten millions digit of 44815581?
4
What is the tens digit of 332634188?
8
What is the ten millions digit of 1076739411?
7
What is the tens digit of 160433140?
4
What is the tens digit of 10129056?
5
What is the ten millions digit of 416017139?
1
What is the thousands digit of 968549242?
9
What is the hundreds digit of 25849581?
5
What is the millions digit of 909463096?
9
What is the thousands digit of 4350309?
0
What is the hundreds digit of 430421820?
8
What is the tens digit of 7276550486?
8
What is the hundred thousands digit of 5781574025?
5
What is the ten millions digit of 103845214?
0
What is the hundred thousands digit of 5050161?
0
What is the tens digit of 94717319?
1
What is the tens digit of 98541654?
5
What is the ten millions digit of 4845666278?
4
What is the tens digit of 141817845?
4
What is the units digit of 956520882?
2
What is the billions digit of 5424962008?
5
What is the ten thousands digit of 699445973?
4
What is the ten thousands digit of 575277509?
7
What is the ten millions digit of 361030580?
6
What is the tens digit of 